/(-345))*-196. What is the highest common factor of o and l?
7
Let t be (1/(-3))/((-4)/156). Suppose 78*d = -86*d + 49036. What is the greatest common factor of t and d?
13
Let l be (-186)/(-2)*(-2)/(-6). Let g = l - 19. Suppose -3*i - 4*a + 320 = 0, -2*i + 211 = -7*a + 12*a. Calculate the greatest common divisor of i and g.
12
Suppose 3285 = 24*o - 2931. Calculate the highest common factor of 17353 and o.
259
Let f(w) = 20*w - 2. Let g(y) = 79*y - 8. Let p(z) = -22*f(z) + 6*g(z). Let s be p(1). What is the highest common factor of s and 45?
15
Let k(g) = -17*g - 9. Let z be k(-6). Suppose -6*i = 18*i - 2592. Suppose 77 - i = -r. Calculate the greatest common factor of z and r.
31
Suppose 4*w + 4*b - 344 = 0, 0*w - b = -2*w + 169. Suppose 7*c - w = 377. Calculate the greatest common factor of 231 and c.
33
Suppose l - 1425 = -4*n, 0 = 3*l + 2*n + 2159 - 6474. Calculate the highest common factor of l and 77.
11
Suppose -2*d + w = -190, 0 = -4*d - w - 4*w + 394. Suppose 0 = -9*j + 2700 - 2304. Suppose -j - d = -7*t. What is the greatest common divisor of 20 and t?
20
Suppose 109*y - 9 = 108*y, 0 = -3*v + 2*y + 87342. Calculate the highest common factor of v and 260.
260
Let f be 6/18 + (-1128)/(-72). What is the greatest common factor of 1072 and f?
16
Let b(q) = -537*q**3 - q + 2. Let p be b(1). Let w be 8/60 - p/30. Suppose 0 = -6*r + w + 18. What is the greatest common divisor of 48 and r?
6
Let o be (-1 - 21/(-2))*8. Suppose 0 = 4*b - 5*c - 4925, 4*c - 1614 = -b - 409. Suppose 23*r = b - 351. What is the highest common divisor of o and r?
38
Let c = 137 + -57. Let h = -84899 + 84909. What is the greatest common divisor of c and h?
10
Let i(q) = -214*q - 194. Let f be i(-31). Calculate the highest common factor of 70 and f.
70
Suppose n - 458 = 2*y, -3*n - 3*y - 60 = -1425. Suppose 21*k - n = 15*k. Calculate the highest common divisor of 190 and k.
38
Let j = -37848 - -37849. Suppose -32 = -2*u + 4. Let q = u + -11. Calculate the highest common factor of q and j.
1
Let h = 9555 + -8895. What is the highest common divisor of h and 1430?
110
Let t be 12/3 - (-2)/2. Suppose -t*s + 2*y + 39 = 0, 5*s + 0*y + 2*y = 31. Suppose 28*m + 3*m = 274 - 57. Calculate the highest common factor of s and m.
7
Suppose -5*o + 4*n = -7*o - 328, 3*n = -o - 166. Let u = o + 181. Calculate the greatest common factor of 3 and u.
3
Let f(w) = w - 21. Let h be f(33). Suppose -4*a + 40*m = 37*m - 21, 5*a = -m + h. Calculate the highest common divisor of a and 16.
1
Suppose 11*d - 510 = -159*d. What is the highest common divisor of 2859 and d?
3
Suppose -4*b + 570 = b + 2*q, 3*b = 3*q + 342. Let s = -54 + b. Suppose -7*k + 2*k + s = 0. What is the greatest common factor of 24 and k?
12
Let o(h) = -h - 1. Let t = 0 - 1. Let n(w) = -13*w + 15. Let x(c) = t*n(c) + 2*o(c). Let m be x(5). What is the highest common factor of m and 57?
19
Suppose 0*s = -y - 2*s - 8, 5*s = 2*y + 61. Let o = 24 + y. Let m = -1334 + 1342. Calculate the highest common factor of o and m.
2
Suppose 2400 = -11*i + 17*i. Calculate the highest common divisor of 1360 and i.
80
Suppose 0 = -7*o + 11*o - 20. Let l(h) = -23 - 16*h**2 - 25*h**2 + 42*h**2 - o*h. Let d be l(-8). Calculate the highest common divisor of d and 27.
27
Let t(c) = -2175*c + 1963. Let n be t(-9). Calculate the greatest common divisor of 44 and n.
22
Let k(u) = -u**3 + 55*u**2 + 368*u - 112. Let r be k(61). Calculate the highest common factor of r and 5120.
10
Suppose 0 = 5*w + 5*u - 8 - 82, 3*w = -u + 52. Suppose -4*p + 269 - w = 0. Suppose -6*z + 31 = -95. What is the highest common factor of z and p?
21
Let s be ((-56)/6 + 4)*(-5 + 2). Suppose -2*n - n = -2*z - 144, 5*n = -2*z - 176. Let o be z/(-5) - (-12)/30. What is the highest common divisor of o and s?
16
Let q(c) = 16*c + 48. Let r be q(-3). Suppose 4*i + o - 20 = r, 2*o - 4 = o. Calculate the highest common divisor of 172 and i.
4
Suppose 4*u = 5*u - 867. Suppose -2 = -u*t + 865*t. Calculate the highest common divisor of 4 and t.
1
Suppose 186 = -4*i + i. Let g = 61 + i. Let b be g + (-495)/(-20) + 3/(-4). Calculate the highest common factor of b and 69.
23
Suppose 0 = -3*m + 3*k + 12, -m - k - 6 = -3*m. Suppose -m*t + 2*l = -4*t + 90, 5*t = 2*l + 218. What is the greatest common divisor of t and 154?
22
Let u(x) = -38*x + 0 - 1 + 19*x**2 + 6 - 23*x**2. Let m be u(-6). What is the highest common factor of m and 445?
89
Let z = -223 - -227. Let t be (-1)/((-4)/425) - (-313)/(-1252). What is the greatest common divisor of t and z?
2
Suppose 4*p - 12610 = -4*w - w, -2*p + 4*w + 6292 = 0. Suppose -17*d = -2*d - p. What is the greatest common factor of 140 and d?
70
Let x(d) = 956*d + 490. Let n be x(0). Calculate the highest common divisor of n and 30.
10
Suppose 65 = -12*l + 305. Suppose -w - 5*k + 61 = 0, -w + 2*k = -k - 37. Let d = -26 + w. What is the highest common factor of d and l?
20
Let c = 1281 + -1059. Calculate the highest common divisor of c and 144.
6
Suppose 6244 = -14*j + 27664. Calculate the highest common divisor of 900 and j.
90
Let f be (-1)/1 + -1033*96/(-24). What is the highest common factor of 27 and f?
27
Suppose -72 = -3*z + 5*j, 3*z - 2*j - 56 = 7. What is the greatest common factor of 10393 and z?
19
Let n(w) = 247*w - 1004. Let a be n(5). Calculate the highest common divisor of 198 and a.
33
Let w = 33 + 45. Suppose 74*z + 204 = w*z. Calculate the highest common factor of z and 21.
3
Let a(p) = 2*p**3 + 7*p**2 - 16*p + 1. Let q be a(6). Calculate the greatest common divisor of q and 372.
31
Suppose 35*w - 142 = 138. Suppose 0 = 9*v - w*v - 28. What is the highest common factor of 224 and v?
28
Suppose 11*p - 41*p - 6360 = -189*p. What is the highest common factor of 115 and p?
5
Let q be (-594)/(4 + -1) - (4 + 1). Let b be 7/(35/30) - q. What is the greatest common factor of 19 and b?
19
Let a(u) = 120*u**3 + 2*u**2 - u. Let k be a(1). Let d be (-8)/(-6)*(65 + -68). Let y be 2/d - (-184)/16. Calculate the highest common divisor of y and k.
11
Suppose 0*h - 40 = -4*h. Suppose -s = -5*m + 159, 7*m - 5*s = 5*m + 82. Let x = 41 - m. Calculate the greatest common factor of x and h.
10
Let y be (268/(-11))/(76/(-12958)). Calculate the greatest common divisor of 134 and y.
134
Let t = -76 - -79. Let q be (-75)/(-30)*t/((-6)/8). Let l be q/3*(-4 - 2). What is the greatest common factor of l and 8?
4
Let m = 410 - -58. Let g = 528 - m. Calculate the greatest common factor of 1200 and g.
60
Suppose 407 - 58615 = -132*s - 4*s. What is the highest common factor of 4 and s?
4
Let k be (-31)/(-3) - ((-7)/3)/(-7). Let r = 66 - -19. Calculate the greatest common divisor of r and k.
5
Let k(j) = 13*j**2 - 7*j + 4. Let o be k(4). Let t be -1 - -1 - (3*24/(-9) + -8). Calculate the highest common factor of t and o.
8
Let w = 125 - -304. Let j = w + -428. Suppose 0 = -2*m + 23 + 31. What is the highest common factor of m and j?
1
Suppose 3*k + k = 48. Suppose 3*a - 11 = m - 5, -a = 5*m - 18. Suppose -m*x + 984 = 38*x. What is the greatest common divisor of x and k?
12
Suppose 0 = -15*o + o + 11004. Suppose 4*v = -2*u + 510, u = -2*u + v + o. What is the greatest common factor of u and 29?
29
Let g be 408*(-1 + -1)/(-4). Let u(r) = r**3 + 65*r**2 - 2729*r - 231. Let v be u(-94). Calculate the greatest common divisor of v and g.
51
Let q(v) = v**3 + 7*v**2 + 4*v + 6. Let a be q(-6). Suppose 945*d = 942*d + 216. What is the highest common divisor of a and d?
18
Let w = -7 + 35. Let r = w + -31. Let o be (-352)/(-20) + r - (-6)/15. Calculate the greatest common divisor of 75 and o.
15
Let r be -7*(96/(-14))/(-2). Let a be ((-35)/28)/(2/r). Suppose a = -5*x, 5*z + 2*x - 201 = -x. Calculate the greatest common factor of z and 28.
14
Let c be 26806/42 + (-2)/3 - 45/(-105). Calculate the highest common factor of 22 and c.
22
Let m(i) = i**2 - 28*i + 134. Let t be m(23). Suppose -4*x = 2*u - 88, x + t = -u + 60. What is the highest common divisor of 6 and u?
2
Suppose -2*k + 6*k + 5*o - 18500 = 0, 0 = -o. Calculate the greatest common factor of k and 37.
37
Let z = 15587 + -15543. Calculate the highest common divisor of z and 12353.
11
Let o(c) = c**3 + 21*c**2 + 22*c + 45. Let l be o(-20). Suppose l*z - 260 = -130. Suppose 2 = y - 11. Calculate the greatest common factor 